[INFO] cloning repository https://github.com/dmix/portal
[INFO] running `Command { std: "git" "-c" "credential.helper=" "-c" "credential.helper=/workspace/cargo-home/bin/git-credential-null" "clone" "--bare" "https://github.com/dmix/portal" "/workspace/cache/git-repos/https%3A%2F%2Fgithub.com%2Fdmix%2Fportal", kill_on_drop: false }`
[INFO] [stderr] Cloning into bare repository '/workspace/cache/git-repos/https%3A%2F%2Fgithub.com%2Fdmix%2Fportal'...
[INFO] running `Command { std: "git" "rev-parse" "HEAD", kill_on_drop: false }`
[INFO] [stdout] efcb1bb554548b5a44281349f615982d003d9398
[INFO] checking dmix/portal against try#72f88fc4e9458f89516a0b8b0868f3718aec5b47 for pr-74989
[INFO] running `Command { std: "git" "clone" "/workspace/cache/git-repos/https%3A%2F%2Fgithub.com%2Fdmix%2Fportal" "/workspace/builds/worker-2/source", kill_on_drop: false }`
[INFO] [stderr] Cloning into '/workspace/builds/worker-2/source'...
[INFO] [stderr] done.
[INFO] validating manifest of git repo https://github.com/dmix/portal on toolchain 72f88fc4e9458f89516a0b8b0868f3718aec5b47
[INFO] running `Command { std: "/workspace/cargo-home/bin/cargo" "+72f88fc4e9458f89516a0b8b0868f3718aec5b47" "read-manifest" "--manifest-path" "Cargo.toml", kill_on_drop: false }`
[INFO] started tweaking git repo https://github.com/dmix/portal
[INFO] finished tweaking git repo https://github.com/dmix/portal
[INFO] tweaked toml for git repo https://github.com/dmix/portal written to /workspace/builds/worker-2/source/Cargo.toml
[INFO] crate git repo https://github.com/dmix/portal already has a lockfile, it will not be regenerated
[INFO] running `Command { std: "/workspace/cargo-home/bin/cargo" "+72f88fc4e9458f89516a0b8b0868f3718aec5b47" "fetch" "--locked" "--manifest-path" "Cargo.toml", kill_on_drop: false }`
[INFO] [stderr]  Downloading crates ...
[INFO] [stderr]   Downloaded fail v0.2.1
[INFO] [stderr]   Downloaded crossbeam v0.5.0
[INFO] [stderr]   Downloaded zeroize v0.9.2
[INFO] [stderr]   Downloaded variance v0.1.3
[INFO] [stderr]   Downloaded census v0.2.0
[INFO] [stderr]   Downloaded atomicwrites v0.2.3
[INFO] [stderr]   Downloaded fst v0.3.3
[INFO] [stderr]   Downloaded parking_lot_core v0.6.1
[INFO] [stderr]   Downloaded rust-stemmers v1.1.0
[INFO] [stderr]   Downloaded secrecy v0.2.2
[INFO] [stderr]   Downloaded abscissa_derive v0.2.0
[INFO] [stderr]   Downloaded abscissa_core v0.2.0
[INFO] [stderr]   Downloaded canonical-path v2.0.2
[INFO] [stderr]   Downloaded ascii v0.9.2
[INFO] [stderr]   Downloaded gumdrop_derive v0.6.0
[INFO] [stderr]   Downloaded once_cell v0.2.3
[INFO] [stderr]   Downloaded gumdrop v0.6.0
[INFO] [stderr]   Downloaded bitpacking v0.8.0
[INFO] [stderr]   Downloaded owned-read v0.4.0
[INFO] [stderr]   Downloaded scoped-pool v1.0.0
[INFO] [stderr]   Downloaded scopeguard v0.1.2
[INFO] [stderr]   Downloaded snap v0.2.5
[INFO] [stderr]   Downloaded tantivy-fst v0.1.0
[INFO] [stderr]   Downloaded tantivy v0.10.0
[INFO] running `Command { std: "docker" "create" "-v" "/var/lib/crater-agent-workspace/builds/worker-2/target:/opt/rustwide/target:rw,Z" "-v" "/var/lib/crater-agent-workspace/builds/worker-2/source:/opt/rustwide/workdir:ro,Z" "-v" "/var/lib/crater-agent-workspace/cargo-home:/opt/rustwide/cargo-home:ro,Z" "-v" "/var/lib/crater-agent-workspace/rustup-home:/opt/rustwide/rustup-home:ro,Z" "-e" "SOURCE_DIR=/opt/rustwide/workdir" "-e" "CARGO_TARGET_DIR=/opt/rustwide/target" "-e" "CARGO_HOME=/opt/rustwide/cargo-home" "-e" "RUSTUP_HOME=/opt/rustwide/rustup-home" "-w" "/opt/rustwide/workdir" "-m" "1610612736" "--user" "0:0" "--network" "none" "rustops/crates-build-env@sha256:d92eaeed33fa75130ca1ee6c8a01d1ffb62bac859dfdfb3450e3e5d1c0146529" "/opt/rustwide/cargo-home/bin/cargo" "+72f88fc4e9458f89516a0b8b0868f3718aec5b47" "metadata" "--no-deps" "--format-version=1", kill_on_drop: false }`
[INFO] [stderr] WARNING: Your kernel does not support swap limit capabilities or the cgroup is not mounted. Memory limited without swap.
[INFO] [stdout] 4db2b3aac82a751effd7f7748186dce43bd0620b92ebf374b349d662c684208c
[INFO] running `Command { std: "docker" "start" "-a" "4db2b3aac82a751effd7f7748186dce43bd0620b92ebf374b349d662c684208c", kill_on_drop: false }`
[INFO] running `Command { std: "docker" "inspect" "4db2b3aac82a751effd7f7748186dce43bd0620b92ebf374b349d662c684208c", kill_on_drop: false }`
[INFO] running `Command { std: "docker" "rm" "-f" "4db2b3aac82a751effd7f7748186dce43bd0620b92ebf374b349d662c684208c", kill_on_drop: false }`
[INFO] [stdout] 4db2b3aac82a751effd7f7748186dce43bd0620b92ebf374b349d662c684208c
[INFO] running `Command { std: "docker" "create" "-v" "/var/lib/crater-agent-workspace/builds/worker-2/target:/opt/rustwide/target:rw,Z" "-v" "/var/lib/crater-agent-workspace/builds/worker-2/source:/opt/rustwide/workdir:ro,Z" "-v" "/var/lib/crater-agent-workspace/cargo-home:/opt/rustwide/cargo-home:ro,Z" "-v" "/var/lib/crater-agent-workspace/rustup-home:/opt/rustwide/rustup-home:ro,Z" "-e" "SOURCE_DIR=/opt/rustwide/workdir" "-e" "CARGO_TARGET_DIR=/opt/rustwide/target" "-e" "CARGO_INCREMENTAL=0" "-e" "RUST_BACKTRACE=full" "-e" "RUSTFLAGS=--cap-lints=forbid" "-e" "CARGO_HOME=/opt/rustwide/cargo-home" "-e" "RUSTUP_HOME=/opt/rustwide/rustup-home" "-w" "/opt/rustwide/workdir" "-m" "1610612736" "--user" "0:0" "--network" "none" "rustops/crates-build-env@sha256:d92eaeed33fa75130ca1ee6c8a01d1ffb62bac859dfdfb3450e3e5d1c0146529" "/opt/rustwide/cargo-home/bin/cargo" "+72f88fc4e9458f89516a0b8b0868f3718aec5b47" "check" "--frozen" "--all" "--all-targets" "--message-format=json", kill_on_drop: false }`
[INFO] [stdout] 65c2756ff54c6fc842ee1a29288c1a44f201c077fbfd371cb56f2c703aeda71c
[INFO] [stderr] WARNING: Your kernel does not support swap limit capabilities or the cgroup is not mounted. Memory limited without swap.
[INFO] running `Command { std: "docker" "start" "-a" "65c2756ff54c6fc842ee1a29288c1a44f201c077fbfd371cb56f2c703aeda71c", kill_on_drop: false }`
[INFO] [stderr]    Compiling libc v0.2.60
[INFO] [stderr]    Compiling proc-macro2 v0.4.30
[INFO] [stderr]    Compiling unicode-xid v0.1.0
[INFO] [stderr]    Compiling syn v0.15.39
[INFO] [stderr]    Compiling serde v1.0.97
[INFO] [stderr]    Compiling autocfg v0.1.5
[INFO] [stderr]     Checking rand_core v0.4.0
[INFO] [stderr]    Compiling semver-parser v0.7.0
[INFO] [stderr]    Compiling byteorder v1.3.2
[INFO] [stderr]    Compiling log v0.4.7
[INFO] [stderr]    Compiling arrayvec v0.4.11
[INFO] [stderr]     Checking scopeguard v0.3.3
[INFO] [stderr]    Compiling memchr v2.2.1
[INFO] [stderr]     Checking stable_deref_trait v1.1.1
[INFO] [stderr]     Checking ppv-lite86 v0.2.5
[INFO] [stderr]     Checking void v1.0.2
[INFO] [stderr]     Checking utf8-ranges v1.0.3
[INFO] [stderr]    Compiling nix v0.14.1
[INFO] [stderr]     Checking scopeguard v1.0.0
[INFO] [stderr]     Checking slab v0.4.2
[INFO] [stderr]    Compiling regex v1.1.9
[INFO] [stderr]     Checking ucd-util v0.1.3
[INFO] [stderr]    Compiling crunchy v0.2.2
[INFO] [stderr]     Checking either v1.5.2
[INFO] [stderr]     Checking arc-swap v0.3.11
[INFO] [stderr]     Checking same-file v1.0.5
[INFO] [stderr]     Checking crossbeam v0.2.12
[INFO] [stderr]     Checking itoa v0.4.4
[INFO] [stderr]     Checking futures v0.1.28
[INFO] [stderr]     Checking bit-vec v0.5.1
[INFO] [stderr]     Checking zeroize v0.9.2
[INFO] [stderr]     Checking scopeguard v0.1.2
[INFO] [stderr]     Checking ascii v0.9.2
[INFO] [stderr]     Checking variance v0.1.3
[INFO] [stderr]     Checking canonical-path v2.0.2
[INFO] [stderr]     Checking htmlescape v0.3.1
[INFO] [stderr]     Checking fnv v1.0.6
[INFO] [stderr]     Checking census v0.2.0
[INFO] [stderr]     Checking termcolor v1.0.5
[INFO] [stderr]     Checking owning_ref v0.4.0
[INFO] [stderr]    Compiling backtrace-sys v0.1.31
[INFO] [stderr]     Checking unreachable v1.0.0
[INFO] [stderr]     Checking rand_core v0.3.1
[INFO] [stderr]     Checking rand_jitter v0.1.4
[INFO] [stderr]     Checking lock_api v0.3.1
[INFO] [stderr]     Checking regex-syntax v0.6.8
[INFO] [stderr]     Checking walkdir v2.2.8
[INFO] [stderr]     Checking itertools v0.8.0
[INFO] [stderr]    Compiling num-traits v0.2.8
[INFO] [stderr]    Compiling num-integer v0.1.41
[INFO] [stderr]    Compiling rand_pcg v0.1.2
[INFO] [stderr]    Compiling rand_chacha v0.2.0
[INFO] [stderr]    Compiling rand_chacha v0.1.1
[INFO] [stderr]    Compiling rand v0.6.5
[INFO] [stderr]     Checking crossbeam-utils v0.6.5
[INFO] [stderr]     Checking bit-set v0.5.1
[INFO] [stderr]     Checking rand_isaac v0.1.1
[INFO] [stderr]     Checking rand_hc v0.1.0
[INFO] [stderr]     Checking rand_xorshift v0.1.1
[INFO] [stderr]     Checking c2-chacha v0.2.2
[INFO] [stderr]     Checking scoped-pool v1.0.0
[INFO] [stderr]     Checking lock_api v0.1.5
[INFO] [stderr]     Checking log v0.3.9
[INFO] [stderr]     Checking crossbeam-channel v0.3.8
[INFO] [stderr]     Checking bitpacking v0.8.0
[INFO] [stderr]     Checking fst v0.3.3
[INFO] [stderr]     Checking base64 v0.10.1
[INFO] [stderr]     Checking snap v0.2.5
[INFO] [stderr]     Checking murmurhash32 v0.2.0
[INFO] [stderr]     Checking crossbeam-epoch v0.7.1
[INFO] [stderr]     Checking crossbeam-epoch v0.6.1
[INFO] [stderr]     Checking aho-corasick v0.7.4
[INFO] [stderr]     Checking combine v3.8.1
[INFO] [stderr]     Checking rand v0.4.6
[INFO] [stderr]     Checking getrandom v0.1.6
[INFO] [stderr]     Checking net2 v0.2.33
[INFO] [stderr]     Checking rand v0.5.6
[INFO] [stderr]     Checking iovec v0.1.2
[INFO] [stderr]     Checking rand_os v0.1.3
[INFO] [stderr]     Checking time v0.1.42
[INFO] [stderr]     Checking inotify-sys v0.1.3
[INFO] [stderr]     Checking num_cpus v1.10.1
[INFO] [stderr]     Checking filetime v0.2.5
[INFO] [stderr]     Checking signal-hook-registry v1.0.1
[INFO] [stderr]     Checking memmap v0.7.0
[INFO] [stderr]     Checking fs2 v0.4.3
[INFO] [stderr]     Checking wait-timeout v0.2.0
[INFO] [stderr]    Compiling quote v0.6.13
[INFO] [stderr]     Checking crossbeam-deque v0.6.3
[INFO] [stderr]     Checking rand_core v0.5.0
[INFO] [stderr]     Checking inotify v0.6.1
[INFO] [stderr]     Checking futures-cpupool v0.1.8
[INFO] [stderr]     Checking levenshtein_automata v0.1.1
[INFO] [stderr]     Checking mio v0.6.19
[INFO] [stderr]     Checking signal-hook v0.1.10
[INFO] [stderr]     Checking backtrace v0.3.33
[INFO] [stderr]     Checking tantivy-fst v0.1.0
[INFO] [stderr]     Checking rand v0.7.0
[INFO] [stderr]     Checking tempdir v0.3.7
[INFO] [stderr]     Checking rand v0.3.23
[INFO] [stderr]     Checking fail v0.2.1
[INFO] [stderr]     Checking mio-extras v2.0.5
[INFO] [stderr]     Checking notify v4.0.12
[INFO] [stderr]     Checking tempfile v3.1.0
[INFO] [stderr]     Checking atomicwrites v0.2.3
[INFO] [stderr]    Compiling synstructure v0.10.2
[INFO] [stderr]    Compiling serde_derive v1.0.97
[INFO] [stderr]    Compiling failure_derive v0.1.5
[INFO] [stderr]    Compiling rental-impl v0.5.4
[INFO] [stderr]    Compiling gumdrop_derive v0.6.0
[INFO] [stderr]    Compiling abscissa_derive v0.2.0
[INFO] [stderr]     Checking failure v0.1.5
[INFO] [stderr]     Checking gumdrop v0.6.0
[INFO] [stderr]     Checking rental v0.5.4
[INFO] [stderr]     Checking owned-read v0.4.0
[INFO] [stderr]     Checking chrono v0.4.7
[INFO] [stderr]     Checking toml v0.5.1
[INFO] [stderr]     Checking serde_json v1.0.40
[INFO] [stderr]     Checking semver v0.9.0
[INFO] [stderr]     Checking uuid v0.7.4
[INFO] [stderr]     Checking secrecy v0.2.2
[INFO] [stderr]     Checking rust-stemmers v1.1.0
[INFO] [stderr]    Compiling rustc_version v0.2.3
[INFO] [stderr]     Checking abscissa_core v0.2.0
[INFO] [stderr]    Compiling parking_lot_core v0.3.1
[INFO] [stderr]    Compiling parking_lot_core v0.6.1
[INFO] [stderr]    Compiling parking_lot v0.9.0
[INFO] [stderr]     Checking parking_lot v0.6.4
[INFO] [stderr]     Checking crossbeam v0.5.0
[INFO] [stderr]     Checking once_cell v0.2.3
[INFO] [stderr]     Checking tantivy v0.10.0
[INFO] [stderr]     Checking portal v0.1.0 (/opt/rustwide/workdir)
[INFO] [stdout] warning: unused imports: `FrameworkError`, `config`
[INFO] [stdout]  --> src/commands/db.rs:6:21
[INFO] [stdout]   |
[INFO] [stdout] 6 | use abscissa_core::{config, Command, FrameworkError, Options, Runnable};
[INFO] [stdout]   |                     ^^^^^^           ^^^^^^^^^^^^^^
[INFO] [stdout]   |
[INFO] [stdout]   = note: `#[warn(unused_imports)]` on by default
[INFO] [stdout] 
[INFO] [stdout] 
[INFO] [stdout] warning: unnecessary parentheses around type
[INFO] [stdout]   --> src/dir.rs:58:44
[INFO] [stdout]    |
[INFO] [stdout] 58 | pub fn open_z(filename: &String) -> Result<(String), Box<dyn Error>> {
[INFO] [stdout]    |                                            ^^^^^^^^ help: remove these parentheses
[INFO] [stdout]    |
[INFO] [stdout]    = note: `#[warn(unused_parens)]` on by default
[INFO] [stdout] 
[INFO] [stdout] 
[INFO] [stdout] warning: unused imports: `FrameworkError`, `config`
[INFO] [stdout]  --> src/commands/db.rs:6:21
[INFO] [stdout]   |
[INFO] [stdout] 6 | use abscissa_core::{config, Command, FrameworkError, Options, Runnable};
[INFO] [stdout]   |                     ^^^^^^           ^^^^^^^^^^^^^^
[INFO] [stdout]   |
[INFO] [stdout]   = note: `#[warn(unused_imports)]` on by default
[INFO] [stdout] 
[INFO] [stdout] 
[INFO] [stdout] warning: unnecessary parentheses around type
[INFO] [stdout]   --> src/dir.rs:58:44
[INFO] [stdout]    |
[INFO] [stdout] 58 | pub fn open_z(filename: &String) -> Result<(String), Box<dyn Error>> {
[INFO] [stdout]    |                                            ^^^^^^^^ help: remove these parentheses
[INFO] [stdout]    |
[INFO] [stdout]    = note: `#[warn(unused_parens)]` on by default
[INFO] [stdout] 
[INFO] [stdout] 
[INFO] [stdout] warning: 2 warnings emitted
[INFO] [stdout] 
[INFO] [stdout] 
[INFO] [stdout] warning: 2 warnings emitted
[INFO] [stdout] 
[INFO] [stdout] 
[INFO] [stdout] error[E0609]: no field `hello` on type `PortalConfig`
[INFO] [stdout]   --> tests/acceptance.rs:53:12
[INFO] [stdout]    |
[INFO] [stdout] 53 |     config.hello.recipient = "configured recipient".to_owned();
[INFO] [stdout]    |            ^^^^^ unknown field
[INFO] [stdout]    |
[INFO] [stdout]    = note: available fields are: `jump`, `database`
[INFO] [stdout] 
[INFO] [stdout] 
[INFO] [stdout] error[E0609]: no field `hello` on type `PortalConfig`
[INFO] [stdout]   --> tests/acceptance.rs:54:55
[INFO] [stdout]    |
[INFO] [stdout] 54 |     let expected_line = format!("Hello, {}!", &config.hello.recipient);
[INFO] [stdout]    |                                                       ^^^^^ unknown field
[INFO] [stdout]    |
[INFO] [stdout]    = note: available fields are: `jump`, `database`
[INFO] [stdout] 
[INFO] [stdout] 
[INFO] [stdout] error[E0609]: no field `hello` on type `PortalConfig`
[INFO] [stdout]   --> tests/acceptance.rs:66:12
[INFO] [stdout]    |
[INFO] [stdout] 66 |     config.hello.recipient = "configured recipient".to_owned();
[INFO] [stdout]    |            ^^^^^ unknown field
[INFO] [stdout]    |
[INFO] [stdout]    = note: available fields are: `jump`, `database`
[INFO] [stdout] 
[INFO] [stdout] 
[INFO] [stdout] error: aborting due to 3 previous errors
[INFO] [stdout] 
[INFO] [stdout] 
[INFO] [stdout] For more information about this error, try `rustc --explain E0609`.
[INFO] [stdout] 
[INFO] [stderr] error: could not compile `portal`.
[INFO] [stderr] 
[INFO] [stderr] To learn more, run the command again with --verbose.
[INFO] running `Command { std: "docker" "inspect" "65c2756ff54c6fc842ee1a29288c1a44f201c077fbfd371cb56f2c703aeda71c", kill_on_drop: false }`
[INFO] running `Command { std: "docker" "rm" "-f" "65c2756ff54c6fc842ee1a29288c1a44f201c077fbfd371cb56f2c703aeda71c", kill_on_drop: false }`
[INFO] [stdout] 65c2756ff54c6fc842ee1a29288c1a44f201c077fbfd371cb56f2c703aeda71c
